). Suppose 106*r = 97*r + 7749. Suppose 0 = w - 4*m - 159, -3*w - 2*m = -r + n. List the prime factors of w.
167
Let z(n) = 2*n - 18. Suppose 7*g - 9*g = -16. Let f be z(g). What are the prime factors of 3*f/9*(-546)/4?
7, 13
Suppose 21*p - 19*p + 16 = 0. Let o(i) = 12*i + 11. Let s be o(p). Let g = 144 + s. List the prime factors of g.
59
Let m(r) = r**2 - 10*r + 19. Let k be m(4). What are the prime factors of (-27)/3 - k - (-15)/1?
11
List the prime factors of (-2 + 5)/1*(-3 - -2) + 12719.
2, 11, 17
Let j = 162 - 160. Suppose 2*x - 166 - 4 = -j*w, -79 = -w + 5*x. List the prime factors of w.
2, 3, 7
Suppose 4*r - 30620 - 12924 = 0. What are the prime factors of r?
2, 5443
Let m = 27011 + -7603. List the prime factors of m.
2, 1213
Suppose 2*l - 2 = -4*u + 14, -3*u + 3*l + 3 = 0. Suppose 40 = 2*s + u*g, 0 = 4*s - 4*g + 3*g - 52. Suppose 6*p - s*p + 1016 = 0. List the prime factors of p.
127
Let g(q) = 4. Let x(s) = -s + 2*s - 543 + 539. Let r(d) = -4*g(d) - 3*x(d). What are the prime factors of r(-3)?
5
Let h(m) = -3*m - 24. Let w be h(-9). Suppose 178 = 2*o - 4*t, -w*o + t + 291 = 3*t. Suppose o + 463 = 9*d. List the prime factors of d.
2, 31
Suppose 2*d + 11*s - 79155 = 12*s, -35 = 5*s. What are the prime factors of d?
2, 47, 421
Suppose -50*o + 603 = -51*o. Let c = -254 - o. List the prime factors of c.
349
Suppose -j + 5*h + 234 = 0, -3*h = -4*h + 3. Let w be 20*j/6 + -2. Suppose w = 6*o + 6*o. List the prime factors of o.
3, 23
Let l = 96 - 111. List the prime factors of -3 + (-25)/(-5) - l.
17
Let n = 43 + 22. Suppose 5*c - n = 7*o - 2*o, -4*o = 5*c - 38. Suppose c = b - 28. What are the prime factors of b?
2, 19
Let f = -32860 + 50010. What are the prime factors of f?
2, 5, 7
Suppose k - 783 = 5*f + 1322, -4*f - 10483 = -5*k. Suppose -5*b + 4*o - k = -8*b, -2120 = -3*b + o. What are the prime factors of b?
3, 5, 47
Suppose 0 = 4*q - 16, 0 = 2*y + 4*q - 0*q - 40. List the prime factors of (12360/(-9))/(-5) - (-4)/y.
5, 11
Suppose 3*v - 2570 = 11893. What are the prime factors of v?
3, 1607
Let i be -2 + (-184)/(-12) + (-2)/6. Suppose -7*m + i*m - 2196 = 0. Let v = -110 + m. What are the prime factors of v?
2
List the prime factors of 3653 + (-15)/5 - 4.
2, 1823
Let j be (-4262)/(-8) + 3/(-4). Suppose 0 = -5*x - 4*t + 1261, -3*t = 2*x - j + 22. List the prime factors of x.
3, 83
Let m = 4060 - 2199. Suppose 2*r - v = -6*v + m, -12 = -4*v. List the prime factors of r.
13, 71
Let s be 91/10*-2 + 13/65. Let c be 4 - (2/6 - (-7242)/s). Let f = c - 240. List the prime factors of f.
2, 83
Suppose 5*r - 5*d = 23180 + 7870, -4*r - d + 24840 = 0. Suppose -23*x = -13*x - r. List the prime factors of x.
3, 23
Let u = -43 - -9. Let g be u/(-10) - 7/((-70)/6). Suppose g*q + 360 = 8*q. What are the prime factors of q?
2, 3, 5
Suppose 3*f = -5*v, -2*f - 8 = -3*v - 27. Suppose 4*w + 342 = u, 2*u + w - 664 = f*w. What are the prime factors of u?
2, 7, 23
Suppose 212454 = 721*k - 715*k. Suppose 13*g + 10059 = k. List the prime factors of g.
2, 3, 5, 13
Suppose -8*f + 4*l = -3*f - 30, -f = l + 3. Suppose -1410 = -v + u + f*u, 2*v = -5*u + 2809. What are the prime factors of v?
3, 7, 67
Let c(w) = -633*w**2 - 10*w - 14. Let j(n) = -1898*n**2 - 28*n - 40. Let k(m) = 17*c(m) - 6*j(m). What are the prime factors of k(1)?
3, 11, 19
Let s = 14416 + -7494. Suppose s = 20*u + 2562. List the prime factors of u.
2, 109
Let j be 24/48 - (-17)/(-2). Let d = 10 + j. Let t = d + 8. What are the prime factors of t?
2, 5
Let a = 57 - 51. Suppose -140 - 94 = a*w. What are the prime factors of (-1703)/w + 1/3?
2, 11
What are the prime factors of 7 + ((-848)/(-56))/(-2) + 55570/7?
2, 3, 7
Let z(t) = -142*t + 7. Let n be 5 + -7 - -6 - 6. What are the prime factors of z(n)?
3, 97
Let s = -8245 + 60441. List the prime factors of s.
2, 13049
Let g = -1837 - -3743. Suppose -7*q - g + 6960 = 0. List the prime factors of q.
2, 19
Let i(l) be the third derivative of -83*l**4/24 + 25*l**3/3 + 142*l**2. What are the prime factors of i(-14)?
2, 3, 101
Let t(w) = w**3 + 9*w**2 - 7*w - 14. Let x be t(-9). Let j = -32 + x. Let d = 37 - j. What are the prime factors of d?
2, 5
Let u(i) = 2*i**2 + 2*i + 1. Let o be u(-4). Let f be (10/o)/((-3)/(-15)). Suppose 4*n = -3*s + 298, -2*s + 192 = f*n - 6*n. List the prime factors of s.
2, 7
Let m be (-4)/(-8) - 1/(-2)*2645. Let w = -781 + m. What are the prime factors of w?
2, 271
Suppose -6*i + 9956 = 1064. Suppose 5*k = -2*r - 3*r + 1840, -i = -4*k + r. What are the prime factors of k?
2, 5, 37
What are the prime factors of 7287/(8/20 + (-9)/(-15))?
3, 7, 347
Let g(y) = 6*y**2 - 71*y + 968. List the prime factors of g(69).
5, 13, 379
Let b = -176 - -3003. List the prime factors of b.
11, 257
Let o be 0 + 24*1*(-21)/(-6). Let g be -32*7/(o/(-207)). Suppose 0 = -2*n + n + 3*i + 128, -4*n + 4*i = -g. List the prime factors of n.
11, 13
Let j = -16488 - -30332. What are the prime factors of j?
2, 3461
Suppose -19*d = -16*d - 12. Suppose -z + 211 = -4*v, -d*z + v = -2*v - 883. List the prime factors of z.
223
Let q = 162 + -88. Let m = q + -9. Suppose 0 = -0*n + n - c - m, -55 = -n - c. What are the prime factors of n?
2, 3, 5
Let h be -8 + 4/(-10) + 9/(-15). Let u(f) = -f**2 - 8*f + 11. Let w be u(h). Suppose 0 = t + 4*d - 22, 44 = w*t + 2*d - 7*d. List the prime factors of t.
2, 11
Let o = -5 - -6. Let i be (o/(-2) + 0)*-6. Suppose 466 = i*z - 2*n, -4*z + n = 2*n - 603. What are the prime factors of z?
2, 19
Let v be -2 - 5/10*22. Let i be -2 - 7/(((-52)/(-120))/v). Let w = i + -81. What are the prime factors of w?
127
Let l = 52150 + 14916. What are the prime factors of l?
2, 33533
Let u(j) = 10*j**2 - 9*j + 11. Let n be (-63)/14*16/12. List the prime factors of u(n).
5, 17
Let g(a) = 35*a - 3 - 70*a + 20*a. What are the prime factors of g(-1)?
2, 3
Suppose 14 = 75*f - 74*f. Suppose f*j - 9*j = 10. What are the prime factors of j?
2
What are the prime factors of 60/25*(-3 + 3 + 76460/8)?
2, 3, 3823
Let n(i) = i + 82. Let t be n(0). Suppose 5*a + 31 + 9 = 5*c, 5*a + 10 = 0. Suppose 7*r - c*r = t. What are the prime factors of r?
2, 41
Let l(p) = -p**3 - 11*p**2 - 18*p + 2. Suppose 21*o + 27 = 18*o. Let w be l(o). Suppose -165 - 245 = -w*b. What are the prime factors of b?
5, 41
Let l = 39371 + -36152. List the prime factors of l.
3, 29, 37
Suppose 22*k - 19*k + 2*t - 46965 = 0, 15641 = k + 3*t. List the prime factors of k.
7, 2237
Suppose -4*x = f + 46, -2*f - f - 152 = -2*x. Let v = 53 + f. Suppose d = v*k - 50, -2*d + 20 = k + d. What are the prime factors of k?
17
Suppose -5*y - 4*z + 2 = -4, 2*y = -4*z. List the prime factors of (-50)/(-3 + -2)*3/y.
3, 5
Suppose -3 + 7 = -m - 3*i, -13 = -2*m + i. Suppose 2*g - 2*y - 1683 = -g, -5*g + 2780 = m*y. What are the prime factors of g?
13, 43
Let k(c) = -c**3 - 15*c**2 + 44*c + 4. Let n be k(-15). List the prime factors of (2/4)/(2/n*-1).
2, 41
Let g(l) be the second derivative of -l**4/12 + 41*l**3/6 - 20*l**2 - 21*l. What are the prime factors of g(36)?
2, 5, 7
Suppose 3*u = 5*g - 53800, 43040 = 4*g - 36*u + 33*u. What are the prime factors of g?
2, 5, 269
Let h(s) = 100*s + 69. Let p be h(7). Let l = -495 + p. What are the prime factors of l?
2, 137
Suppose -4*c = -3180 + 884. Suppose 3*n - c - 384 = -2*d, 0 = -2*d - 2*n + 960. What are the prime factors of d?
2, 241
Let w = -20841 + 29860. What are the prime factors of w?
29, 311
Let o = -184 - -172. Let k(d) = d**2 - 3*d + 23. What are the prime factors of k(o)?
7, 29
Let j be 3/9*(-48)/(16/(-4)). Suppose -5*d - 1737 = -j*y, -9*y = -10*y - d + 441. What are the prime factors of y?
2, 3, 73
Let w(k) = 6*k - 20. Let a(r) = 11*r - 41. Let j(d) = -3*a(d) + 5*w(d). Let g = -53 + 41. List the prime factors of j(g).
59
Let p = 4491 - -107. List the prime factors of p.
2, 11, 19
Let l = -56 - -60. Let r be (202/l*-1)/(2/(-4)). What are the prime factors of r*-3*(-4)/12?
101
Suppose -34222 = -2*h - n + 4673, 3*n = -h + 19455. What are the prime factors of h?
2, 3, 7, 463
Let l be 8 + (27/(-9))/(0 + 1). Suppose -401 = -l*h - 3*d, 2*h - 72 - 80 = 3*d. Suppose s + 6 = h. List the prime factors of s.
73
Let z be (-1)/(-5) + 0 - 1/5. Suppose 4*w + 13133 - 57281 = z. List the prime factors of 2/(-7) + w/91.
11
Let l(k) = -k**2 + 5*k. Let b(d) = -3*d**2 + 1